{"id":1987,"date":"2018-12-04T12:49:30","date_gmt":"2018-12-04T11:49:39","guid":{"rendered":"https:\/\/www.westzipfelregion.de\/verein\/?page_id=1987"},"modified":"2025-01-09T11:50:47","modified_gmt":"2025-01-09T10:50:47","slug":"regionale-entwicklungsstrategie","status":"publish","type":"page","link":"https:\/\/www.westzipfelregion.de\/verein\/regionale-entwicklungsstrategie\/","title":{"rendered":"Regionale Entwicklungsstrategie"},"content":{"rendered":"\t\t<div data-elementor-type=\"wp-post\" data-elementor-id=\"1987\" class=\"elementor elementor-1987\" data-elementor-settings=\"[]\">\n\t\t\t\t\t\t<div class=\"elementor-inner\">\n\t\t\t\t\t\t\t<div class=\"elementor-section-wrap\">\n\t\t\t\t\t\t\t<section class=\"elementor-section elementor-top-section elementor-element elementor-element-6fca3aab elementor-section-boxed elementor-section-height-default elementor-section-height-default\" data-id=\"6fca3aab\" data-element_type=\"section\">\n\t\t\t\t\t\t<div class=\"elementor-container elementor-column-gap-default\">\n\t\t\t\t\t\t\t<div class=\"elementor-row\">\n\t\t\t\t\t<div class=\"elementor-column elementor-col-100 elementor-top-column elementor-element elementor-element-7feb633a\" data-id=\"7feb633a\" data-element_type=\"column\">\n\t\t\t<div class=\"elementor-column-wrap elementor-element-populated\">\n\t\t\t\t\t\t\t<div class=\"elementor-widget-wrap\">\n\t\t\t\t\t\t<div class=\"elementor-element elementor-element-a0388cd elementor-widget elementor-widget-spacer\" data-id=\"a0388cd\" data-element_type=\"widget\" data-widget_type=\"spacer.default\">\n\t\t\t\t<div class=\"elementor-widget-container\">\n\t\t\t\t\t<div class=\"elementor-spacer\">\n\t\t\t<div class=\"elementor-spacer-inner\"><\/div>\n\t\t<\/div>\n\t\t\t\t<\/div>\n\t\t\t\t<\/div>\n\t\t\t\t<div class=\"elementor-element elementor-element-851ad73 elementor-widget elementor-widget-heading\" data-id=\"851ad73\" data-element_type=\"widget\" data-widget_type=\"heading.default\">\n\t\t\t\t<div class=\"elementor-widget-container\">\n\t\t\t<h2 class=\"elementor-heading-title elementor-size-large\">Regionale Entwicklungsstrategie<\/h2>\t\t<\/div>\n\t\t\t\t<\/div>\n\t\t\t\t<div class=\"elementor-element elementor-element-fab3776 elementor-widget elementor-widget-text-editor\" data-id=\"fab3776\" data-element_type=\"widget\" data-widget_type=\"text-editor.default\">\n\t\t\t\t<div class=\"elementor-widget-container\">\n\t\t\t\t\t\t\t\t<div class=\"elementor-text-editor elementor-clearfix\">\n\t\t\t\t<p>Die <a href=\"https:\/\/www.westzipfelregion.de\/verein\/assets\/sites\/3\/2022\/12\/RES_WZR_2022.10.06_ohne-Anlagen.pdf\">Regionale Entwicklungsstrategie (RES)<\/a> ist die inhaltliche Grundlage f\u00fcr eine Projektf\u00f6rderung in der Westzipfelregion. Die zu f\u00f6rdernden Projekte m\u00fcssen mindestens einem Handlungsfeld, bzw. einem der Handlungsfeldziele, entsprechen:\u00a0<\/p>\t\t\t\t\t<\/div>\n\t\t\t\t\t\t<\/div>\n\t\t\t\t<\/div>\n\t\t\t\t<div class=\"elementor-element elementor-element-56bb7b3 elementor-button-info elementor-align-center elementor-widget elementor-widget-button\" data-id=\"56bb7b3\" data-element_type=\"widget\" data-widget_type=\"button.default\">\n\t\t\t\t<div class=\"elementor-widget-container\">\n\t\t\t\t\t<div class=\"elementor-button-wrapper\">\n\t\t\t<a href=\"https:\/\/www.westzipfelregion.de\/verein\/assets\/sites\/3\/2022\/12\/RES_WZR_2022.10.06_ohne-Anlagen.pdf\" class=\"elementor-button-link elementor-button elementor-size-sm elementor-animation-grow\" role=\"button\">\n\t\t\t\t\t\t<span class=\"elementor-button-content-wrapper\">\n\t\t\t\t\t\t<span class=\"elementor-button-text\">Hier geht's zur Regionalen Entwicklungsstrategie<\/span>\n\t\t<\/span>\n\t\t\t\t\t<\/a>\n\t\t<\/div>\n\t\t\t\t<\/div>\n\t\t\t\t<\/div>\n\t\t\t\t<div class=\"elementor-element elementor-element-38a81be elementor-widget elementor-widget-spacer\" data-id=\"38a81be\" data-element_type=\"widget\" data-widget_type=\"spacer.default\">\n\t\t\t\t<div class=\"elementor-widget-container\">\n\t\t\t\t\t<div class=\"elementor-spacer\">\n\t\t\t<div class=\"elementor-spacer-inner\"><\/div>\n\t\t<\/div>\n\t\t\t\t<\/div>\n\t\t\t\t<\/div>\n\t\t\t\t<div class=\"elementor-element elementor-element-bd33af7 elementor-widget elementor-widget-spacer\" data-id=\"bd33af7\" data-element_type=\"widget\" data-widget_type=\"spacer.default\">\n\t\t\t\t<div class=\"elementor-widget-container\">\n\t\t\t\t\t<div class=\"elementor-spacer\">\n\t\t\t<div class=\"elementor-spacer-inner\"><\/div>\n\t\t<\/div>\n\t\t\t\t<\/div>\n\t\t\t\t<\/div>\n\t\t\t\t<section class=\"elementor-section elementor-inner-section elementor-element elementor-element-2901ea6 elementor-section-boxed elementor-section-height-default elementor-section-height-default\" data-id=\"2901ea6\" data-element_type=\"section\">\n\t\t\t\t\t\t<div class=\"elementor-container elementor-column-gap-default\">\n\t\t\t\t\t\t\t<div class=\"elementor-row\">\n\t\t\t\t\t<div class=\"elementor-column elementor-col-33 elementor-inner-column elementor-element elementor-element-9d07060\" data-id=\"9d07060\" data-element_type=\"column\">\n\t\t\t<div class=\"elementor-column-wrap elementor-element-populated\">\n\t\t\t\t\t\t\t<div class=\"elementor-widget-wrap\">\n\t\t\t\t\t\t<div class=\"elementor-element elementor-element-181b9b6 elementor-widget elementor-widget-image\" data-id=\"181b9b6\" data-element_type=\"widget\" data-widget_type=\"image.default\">\n\t\t\t\t<div class=\"elementor-widget-container\">\n\t\t\t\t\t\t\t\t<div class=\"elementor-image\">\n\t\t\t\t\t\t\t\t\t\t\t\t<img width=\"150\" height=\"150\" src=\"https:\/\/www.westzipfelregion.de\/verein\/assets\/sites\/3\/2022\/12\/Klima-Umweltschutz-Ortsentwicklung-150x150.png\" class=\"attachment-thumbnail size-thumbnail\" alt=\"\" loading=\"lazy\" srcset=\"https:\/\/www.westzipfelregion.de\/verein\/assets\/sites\/3\/2022\/12\/Klima-Umweltschutz-Ortsentwicklung-150x150.png 150w, https:\/\/www.westzipfelregion.de\/verein\/assets\/sites\/3\/2022\/12\/Klima-Umweltschutz-Ortsentwicklung.png 173w\" sizes=\"(max-width: 150px) 100vw, 150px\" \/>\t\t\t\t\t\t\t\t\t\t\t\t\t\t<\/div>\n\t\t\t\t\t\t<\/div>\n\t\t\t\t<\/div>\n\t\t\t\t<div class=\"elementor-element elementor-element-477c7a9 elementor-widget elementor-widget-text-editor\" data-id=\"477c7a9\" data-element_type=\"widget\" data-widget_type=\"text-editor.default\">\n\t\t\t\t<div class=\"elementor-widget-container\">\n\t\t\t\t\t\t\t\t<div class=\"elementor-text-editor elementor-clearfix\">\n\t\t\t\t<p>Handlungsfeld 1:<br \/>Klima-\/ Umweltschutz &amp; Ortsentwicklung<\/p>\t\t\t\t\t<\/div>\n\t\t\t\t\t\t<\/div>\n\t\t\t\t<\/div>\n\t\t\t\t<div class=\"elementor-element elementor-element-02f9aeb elementor-widget elementor-widget-text-editor\" data-id=\"02f9aeb\" data-element_type=\"widget\" data-widget_type=\"text-editor.default\">\n\t\t\t\t<div class=\"elementor-widget-container\">\n\t\t\t\t\t\t\t\t<div class=\"elementor-text-editor elementor-clearfix\">\n\t\t\t\t<p><strong>Handlungsfeldziele:<\/strong><\/p><ul><li>Erhalt und Belebung identit\u00e4tsstiftender Ortskerne und Erlebbarmachung kultureller Besonderheiten<\/li><li>Erhalt und Wiederherstellung von Biodiversit\u00e4t auf dem Land und in der Stadt<\/li><li>F\u00f6rderung eines differenzierten Wohnraumangebotes nach dem Prinzip Innenentwicklung vor Au\u00dfenentwicklung<\/li><li>Steigerung von Nutzungsangeboten und Verweilqualit\u00e4ten im \u00f6ffentlichen Raum<\/li><li>St\u00e4rkung blauer und gr\u00fcner Infrastruktur<\/li><li>F\u00f6rderung Privater bei der klimaresilienten Anpassung und \u00f6kologischen Aufwertung von Geb\u00e4uden und Freifl\u00e4chen<\/li><li>Generations\u00fcbergreifende St\u00e4rkung der Umweltbildung und des Umweltbewusstseins<\/li><\/ul>\t\t\t\t\t<\/div>\n\t\t\t\t\t\t<\/div>\n\t\t\t\t<\/div>\n\t\t\t\t\t\t<\/div>\n\t\t\t\t\t<\/div>\n\t\t<\/div>\n\t\t\t\t<div class=\"elementor-column elementor-col-33 elementor-inner-column elementor-element elementor-element-03e37ea\" data-id=\"03e37ea\" data-element_type=\"column\">\n\t\t\t<div class=\"elementor-column-wrap elementor-element-populated\">\n\t\t\t\t\t\t\t<div class=\"elementor-widget-wrap\">\n\t\t\t\t\t\t<div class=\"elementor-element elementor-element-aef0d52 elementor-widget elementor-widget-image\" data-id=\"aef0d52\" data-element_type=\"widget\" data-widget_type=\"image.default\">\n\t\t\t\t<div class=\"elementor-widget-container\">\n\t\t\t\t\t\t\t\t<div class=\"elementor-image\">\n\t\t\t\t\t\t\t\t\t\t\t\t<img width=\"150\" height=\"150\" src=\"https:\/\/www.westzipfelregion.de\/verein\/assets\/sites\/3\/2022\/12\/Dorfleben-Daseinsvorsorge-150x150.png\" class=\"attachment-thumbnail size-thumbnail\" alt=\"\" loading=\"lazy\" srcset=\"https:\/\/www.westzipfelregion.de\/verein\/assets\/sites\/3\/2022\/12\/Dorfleben-Daseinsvorsorge-150x150.png 150w, https:\/\/www.westzipfelregion.de\/verein\/assets\/sites\/3\/2022\/12\/Dorfleben-Daseinsvorsorge.png 173w\" sizes=\"(max-width: 150px) 100vw, 150px\" \/>\t\t\t\t\t\t\t\t\t\t\t\t\t\t<\/div>\n\t\t\t\t\t\t<\/div>\n\t\t\t\t<\/div>\n\t\t\t\t<div class=\"elementor-element elementor-element-f16a864 elementor-widget elementor-widget-text-editor\" data-id=\"f16a864\" data-element_type=\"widget\" data-widget_type=\"text-editor.default\">\n\t\t\t\t<div class=\"elementor-widget-container\">\n\t\t\t\t\t\t\t\t<div class=\"elementor-text-editor elementor-clearfix\">\n\t\t\t\t<p>Handlungsfeld 2:<br \/>Dorfleben &amp; Daseinsvorsorge<\/p>\t\t\t\t\t<\/div>\n\t\t\t\t\t\t<\/div>\n\t\t\t\t<\/div>\n\t\t\t\t<div class=\"elementor-element elementor-element-5a3c24e elementor-widget elementor-widget-text-editor\" data-id=\"5a3c24e\" data-element_type=\"widget\" data-widget_type=\"text-editor.default\">\n\t\t\t\t<div class=\"elementor-widget-container\">\n\t\t\t\t\t\t\t\t<div class=\"elementor-text-editor elementor-clearfix\">\n\t\t\t\t<p><strong>Handlungsfeldziele:<\/strong><\/p><ul><li>F\u00f6rderung ressourcenschonender und bedarfsgerechter Mobilit\u00e4t<\/li><li>Verbesserung der Teilhabem\u00f6glichkeit und Generationengerechtigkeit<\/li><li>Unterst\u00fctzung des Ehrenamtes und Initiativen zur F\u00f6rderung des gesellschaftlichen Zusammenhalts<\/li><li>Dauerhafte Bewahrung des identit\u00e4tsstiftenden Kultur- und Brauchtumsschatzes<\/li><li>Sicherung und Weiterentwicklung von Bildungs-, Betreuungs- und Beratungsangebote<\/li><li>Entwicklung attraktiver regional abgestimmter Kultur- und Freizeitangebote<\/li><li>Herstellung und Verbesserung der Erreichbarkeit zu Einrichtungen der Daseinsvorsorge<\/li><li style=\"list-style-type: none\">\u00a0<\/li><\/ul>\t\t\t\t\t<\/div>\n\t\t\t\t\t\t<\/div>\n\t\t\t\t<\/div>\n\t\t\t\t\t\t<\/div>\n\t\t\t\t\t<\/div>\n\t\t<\/div>\n\t\t\t\t<div class=\"elementor-column elementor-col-33 elementor-inner-column elementor-element elementor-element-cec968f\" data-id=\"cec968f\" data-element_type=\"column\">\n\t\t\t<div class=\"elementor-column-wrap elementor-element-populated\">\n\t\t\t\t\t\t\t<div class=\"elementor-widget-wrap\">\n\t\t\t\t\t\t<div class=\"elementor-element elementor-element-b4ac1bc elementor-widget elementor-widget-image\" data-id=\"b4ac1bc\" data-element_type=\"widget\" data-widget_type=\"image.default\">\n\t\t\t\t<div class=\"elementor-widget-container\">\n\t\t\t\t\t\t\t\t<div class=\"elementor-image\">\n\t\t\t\t\t\t\t\t\t\t\t\t<img width=\"150\" height=\"150\" src=\"https:\/\/www.westzipfelregion.de\/verein\/assets\/sites\/3\/2022\/12\/Regionale-Wertschoepfung-150x150.png\" class=\"attachment-thumbnail size-thumbnail\" alt=\"\" loading=\"lazy\" srcset=\"https:\/\/www.westzipfelregion.de\/verein\/assets\/sites\/3\/2022\/12\/Regionale-Wertschoepfung-150x150.png 150w, https:\/\/www.westzipfelregion.de\/verein\/assets\/sites\/3\/2022\/12\/Regionale-Wertschoepfung.png 173w\" sizes=\"(max-width: 150px) 100vw, 150px\" \/>\t\t\t\t\t\t\t\t\t\t\t\t\t\t<\/div>\n\t\t\t\t\t\t<\/div>\n\t\t\t\t<\/div>\n\t\t\t\t<div class=\"elementor-element elementor-element-076b203 elementor-widget elementor-widget-text-editor\" data-id=\"076b203\" data-element_type=\"widget\" data-widget_type=\"text-editor.default\">\n\t\t\t\t<div class=\"elementor-widget-container\">\n\t\t\t\t\t\t\t\t<div class=\"elementor-text-editor elementor-clearfix\">\n\t\t\t\t<p>Handlungsfeld 3:<br \/>Regionale Wertsch\u00f6pfung<\/p>\t\t\t\t\t<\/div>\n\t\t\t\t\t\t<\/div>\n\t\t\t\t<\/div>\n\t\t\t\t<div class=\"elementor-element elementor-element-c54697c elementor-widget elementor-widget-text-editor\" data-id=\"c54697c\" data-element_type=\"widget\" data-widget_type=\"text-editor.default\">\n\t\t\t\t<div class=\"elementor-widget-container\">\n\t\t\t\t\t\t\t\t<div class=\"elementor-text-editor elementor-clearfix\">\n\t\t\t\t<p><strong>Handlungsfeldziele:<\/strong><\/p><ul><li>Erhalt und Pflege der charakteristischen Kulturlandschaft der Westzipfelregion<\/li><li>F\u00f6rderung regionaler Produkte sowie Vernetzung von Angeboten und Dienstleistungen<\/li><li>F\u00f6rderung eines nachhaltigkeitsorientierten Tourismus und Sch\u00e4rfung des Tourismusprofils<\/li><li>Verbesserung des Wissens- und Technologietransfers zwischen Bildungseinrichtungen, Forschungseinrichtungen und der regionalen Wirtschaft<\/li><li>Sicherung und Entwicklung wohnortnaher Versorgungsstrukturen<\/li><\/ul>\t\t\t\t\t<\/div>\n\t\t\t\t\t\t<\/div>\n\t\t\t\t<\/div>\n\t\t\t\t\t\t<\/div>\n\t\t\t\t\t<\/div>\n\t\t<\/div>\n\t\t\t\t\t\t\t\t<\/div>\n\t\t\t\t\t<\/div>\n\t\t<\/section>\n\t\t\t\t<div class=\"elementor-element elementor-element-2d80d3d elementor-widget elementor-widget-spacer\" data-id=\"2d80d3d\" data-element_type=\"widget\" data-widget_type=\"spacer.default\">\n\t\t\t\t<div class=\"elementor-widget-container\">\n\t\t\t\t\t<div class=\"elementor-spacer\">\n\t\t\t<div class=\"elementor-spacer-inner\"><\/div>\n\t\t<\/div>\n\t\t\t\t<\/div>\n\t\t\t\t<\/div>\n\t\t\t\t<div class=\"elementor-element elementor-element-676eaf2 elementor-widget elementor-widget-text-editor\" data-id=\"676eaf2\" data-element_type=\"widget\" data-widget_type=\"text-editor.default\">\n\t\t\t\t<div class=\"elementor-widget-container\">\n\t\t\t\t\t\t\t\t<div class=\"elementor-text-editor elementor-clearfix\">\n\t\t\t\t<p>Sind Sie neugierig geworden, haben eine Problemstellung oder konkrete Projektidee, um die Westzipfelregion weiterzuentwickeln? Dann nehmen Sie gerne <a href=\"https:\/\/www.westzipfelregion.de\/verein\/kontakt\/\">Kontakt mit dem Regionalmanagement<\/a>\u00a0auf.<\/p>\t\t\t\t\t<\/div>\n\t\t\t\t\t\t<\/div>\n\t\t\t\t<\/div>\n\t\t\t\t\t\t<\/div>\n\t\t\t\t\t<\/div>\n\t\t<\/div>\n\t\t\t\t\t\t\t\t<\/div>\n\t\t\t\t\t<\/div>\n\t\t<\/section>\n\t\t\t\t\t\t<\/div>\n\t\t\t\t\t\t<\/div>\n\t\t\t\t\t<\/div>\n\t\t","protected":false},"excerpt":{"rendered":"<p>Regionale Entwicklungsstrategie Die Regionale Entwicklungsstrategie (RES) ist die inhaltliche Grundlage f\u00fcr eine Projektf\u00f6rderung in der Westzipfelregion. Die zu f\u00f6rdernden Projekte m\u00fcssen mindestens einem Handlungsfeld, bzw. einem der Handlungsfeldziele, entsprechen:\u00a0 Hier geht&#8217;s zur Regionalen Entwicklungsstrategie Handlungsfeld 1:Klima-\/ Umweltschutz &amp; Ortsentwicklung Handlungsfeldziele: Erhalt und Belebung identit\u00e4tsstiftender Ortskerne und Erlebbarmachung kultureller Besonderheiten Erhalt und Wiederherstellung von Biodiversit\u00e4t auf &hellip;<\/p>\n<p class=\"read-more\"> <a class=\"\" href=\"https:\/\/www.westzipfelregion.de\/verein\/regionale-entwicklungsstrategie\/\"> <span class=\"screen-reader-text\">Regionale Entwicklungsstrategie<\/span> Weiterlesen &raquo;<\/a><\/p>\n","protected":false},"author":3,"featured_media":0,"parent":0,"menu_order":0,"comment_status":"closed","ping_status":"closed","template":"","meta":{"site-sidebar-layout":"no-sidebar","site-content-layout":"page-builder","ast-main-header-display":"","ast-hfb-above-header-display":"","ast-hfb-mobile-header-display":"","site-post-title":"disabled","ast-breadcrumbs-content":"","ast-featured-img":"disabled","footer-sml-layout":"","theme-transparent-header-meta":"","adv-header-id-meta":"","stick-header-meta":"","header-above-stick-meta":"","header-main-stick-meta":"","header-below-stick-meta":""},"_links":{"self":[{"href":"https:\/\/www.westzipfelregion.de\/verein\/wp-json\/wp\/v2\/pages\/1987"}],"collection":[{"href":"https:\/\/www.westzipfelregion.de\/verein\/wp-json\/wp\/v2\/pages"}],"about":[{"href":"https:\/\/www.westzipfelregion.de\/verein\/wp-json\/wp\/v2\/types\/page"}],"author":[{"embeddable":true,"href":"https:\/\/www.westzipfelregion.de\/verein\/wp-json\/wp\/v2\/users\/3"}],"replies":[{"embeddable":true,"href":"https:\/\/www.westzipfelregion.de\/verein\/wp-json\/wp\/v2\/comments?post=1987"}],"version-history":[{"count":111,"href":"https:\/\/www.westzipfelregion.de\/verein\/wp-json\/wp\/v2\/pages\/1987\/revisions"}],"predecessor-version":[{"id":7973,"href":"https:\/\/www.westzipfelregion.de\/verein\/wp-json\/wp\/v2\/pages\/1987\/revisions\/7973"}],"wp:attachment":[{"href":"https:\/\/www.westzipfelregion.de\/verein\/wp-json\/wp\/v2\/media?parent=1987"}],"curies":[{"name":"wp","href":"https:\/\/api.w.org\/{rel}","templated":true}]}}